
43 (base 11) to base 7
65
-3 (base 10) to base 13
-3
What is -5 (base 10) in base 11?
-5
Convert 1 (base 5) to base 14.
1
-36 (base 7) to base 11
-25
Convert -7b (base 15) to base 10.
-116
-e (base 15) to base 16
-e
Convert -24 (base 5) to base 6.
-22
What is 0 (base 13) in base 11?
0
Convert -152 (base 8) to base 12.
-8a
1 (base 9) to base 6
1
What is -14 (base 11) in base 6?
-23
Convert 21 (base 6) to base 5.
23
Convert -3 (base 5) to base 9.
-3
-5 (base 13) to base 11
-5
Convert 13 (base 5) to base 12.
8
Convert 19c (base 13) to base 4.
10222
Convert -17 (base 11) to base 12.
-16
Convert -6 (base 12) to base 6.
-10
Convert -5 (base 9) to base 14.
-5
What is 11 (base 2) in base 6?
3
-20 (base 6) to base 15
-c
Convert 5 (base 6) to base 11.
5
Convert 5 (base 7) to base 2.
101
Convert -17 (base 15) to base 2.
-10110
What is 5 (base 14) in base 2?
101
Convert 5 (base 7) to base 5.
10
Convert 3 (base 12) to base 7.
3
52 (base 8) to base 7
60
Convert -11 (base 10) to base 8.
-13
Convert -2 (base 8) to base 15.
-2
-54 (base 7) to base 13
-30
What is 2 (base 3) in base 13?
2
Convert 212 (base 3) to base 11.
21
136 (base 8) to base 13
73
Convert 19 (base 14) to base 16.
17
What is 1b (base 12) in base 8?
27
8 (base 11) to base 3
22
Convert 8 (base 13) to base 14.
8
Convert -d (base 16) to base 15.
-d
What is 0 (base 14) in base 12?
0
-10 (base 7) to base 5
-12
What is 210 (base 12) in base 9?
363
Convert 6 (base 14) to base 11.
6
-4 (base 15) to base 12
-4
120 (base 9) to base 6
243
What is 271 (base 11) in base 9?
385
Convert 100122 (base 3) to base 5.
2020
Convert 253 (base 6) to base 15.
70
-250 (base 7) to base 14
-97
1 (base 9) to base 11
1
-12 (base 11) to base 3
-111
1033 (base 4) to base 16
4f
Convert -1 (base 13) to base 5.
-1
22021 (base 3) to base 10
223
Convert 0 (base 6) to base 5.
0
2 (base 14) to base 9
2
What is -24 (base 10) in base 15?
-19
Convert -2 (base 10) to base 7.
-2
What is -141 (base 5) in base 13?
-37
What is -5 (base 13) in base 2?
-101
Convert 156 (base 11) to base 15.
c2
12 (base 8) to base 6
14
Convert 24 (base 11) to base 4.
122
What is 3 (base 14) in base 11?
3
-30 (base 13) to base 8
-47
-37 (base 11) to base 8
-50
7 (base 16) to base 10
7
What is 13 (base 6) in base 16?
9
-220 (base 3) to base 6
-40
-31 (base 6) to base 2
-10011
What is 10 (base 4) in base 16?
4
What is 13 (base 7) in base 11?
a
Convert -13 (base 13) to base 16.
-10
What is -21 (base 8) in base 10?
-17
Convert -2220 (base 3) to base 13.
-60
-32 (base 13) to base 16
-29
What is -2 (base 3) in base 2?
-10
What is 107 (base 9) in base 11?
80
e (base 16) to base 12
12
What is -1 (base 8) in base 12?
-1
Convert 1 (base 2) to base 13.
1
0 (base 15) to base 12
0
10 (base 6) to base 7
6
What is -a (base 13) in base 8?
-12
15a (base 14) to base 4
10110
-131 (base 4) to base 11
-27
55 (base 11) to base 9
66
What is -23 (base 15) in base 16?
-21
-1000 (base 3) to base 6
-43
Convert -330 (base 8) to base 11.
-187
What is 154 (base 8) in base 3?
11000
1 (base 7) to base 13
1
Convert -15 (base 10) to base 15.
-10
Convert 4 (base 15) to base 6.
4
3 (base 12) to base 9
3
What is -1001111 (base 2) in base 3?
-2221
What is -111 (base 2) in base 10?
-7
51 (base 8) to base 9
45
-1 (base 16) to base 6
-1
What is 55 (base 15) in base 6?
212
Convert -188 (base 14) to base 6.
-1244
Convert -151 (base 6) to base 4.
-1003
-44 (base 14) to base 2
-111100
What is -115 (base 8) in base 11?
-70
What is 1 (base 9) in base 3?
1
Convert 31 (base 10) to base 5.
111
What is 1 (base 9) in base 13?
1
9c (base 15) to base 11
124
5 (base 9) to base 7
5
What is 452 (base 6) in base 10?
176
0 (base 7) to base 8
0
Convert 1 (base 9) to base 7.
1
-2 (base 7) to base 12
-2
What is -67 (base 8) in base 12?
-47
Convert -24 (base 14) to base 7.
-44
What is -33 (base 7) in base 6?
-40
Convert 55 (base 16) to base 6.
221
Convert 82 (base 12) to base 13.
77
-a (base 11) to base 15
-a
What is -a (base 13) in base 15?
-a
Convert 45 (base 16) to base 3.
2120
What is 2223 (base 4) in base 10?
171
7 (base 10) to base 4
13
What is -1011 (base 2) in base 8?
-13
What is 1 (base 3) in base 8?
1
What is 1131 (base 5) in base 7?
325
What is 11 (base 7) in base 6?
12
What is -22 (base 4) in base 13?
-a
What is -3 (base 4) in base 7?
-3
-1 (base 4) to base 9
-1
Convert 7 (base 8) to base 13.
7
What is 2d (base 14) in base 4?
221
Convert -8 (base 14) to base 4.
-20
Convert -1400 (base 5) to base 7.
-441
What is 17 (base 10) in base 12?
15
What is -11 (base 2) in base 14?
-3
11 (base 4) to base 5
10
33 (base 9) to base 10
30
-b0 (base 13) to base 10
-143
11 (base 5) to base 2
110
14c (base 14) to base 13
174
What is 4 (base 13) in base 12?
4
Convert 88 (base 12) to base 7.
206
Convert 311 (base 4) to base 7.
104
What is 3 (base 16) in base 9?
3
Convert 2 (base 12) to base 6.
2
-51 (base 12) to base 6
-141
-21 (base 6) to base 10
-13
3 (base 15) to base 2
11
Convert 210 (base 5) to base 3.
2001
What is -114 (base 6) in base 8?
-56
216 (base 7) to base 8
157
What is -84 (base 11) in base 8?
-134
What is 24 (base 9) in base 5?
42
What is 1 (base 9) in base 6?
1
What is -3 (base 12) in base 10?
-3
Convert 24 (base 14) to base 8.
40
Convert -223 (base 5) to base 13.
-4b
-1f (base 16) to base 4
-133
10 (base 9) to base 4
21
Convert 2120 (base 4) to base 8.
230
1 (base 3) to base 5
1
1011110 (base 2) to base 6
234
What is 6 (base 8) in base 9?
6
Convert 3 (base 15) to base 12.
3
c0 (base 14) to base 9
206
-4 (base 8) to base 12
-4
174 (base 9) to base 14
a8
-1 (base 8) to base 10
-1
-4 (base 14) to base 2
-100
-1 (base 12) to base 6
-1
Convert -101 (base 4) to base 8.
-21
What is 12a (base 12) in base 2?
10110010
-261 (base 8) to base 5
-1202
What is 24 (base 7) in base 14?
14
What is 3 (base 4) in base 13?
3
Convert -1 (base 7) to base 4.
-1
What is -6 (base 10) in base 5?
-11
Convert -8 (base 16) to base 10.
-8
-100 (base 2) to base 10
-4
What is 4 (base 16) in base 3?
11
13 (base 9) to base 8
14
Convert -2 (base 5) to base 4.
-2
Convert -6 (base 13) to base 10.
-6
22 (base 5) to base 4
30
-3 (base 15) to base 7
-3
Convert 12 (base 9) to base 15.
b
Convert 1 (base 4) to base 8.
1
Convert 2 (base 11) to base 9.
2
Convert -3 (base 11) to base 4.
-3
Convert -4 (base 6) to base 15.
-4
-2301 (base 4) to base 15
-bc
What is -27 (base 8) in base 7?
-32
Convert -110 (base 2) to base 15.
-6
What is 2 (base 15) in base 6?
2
What is -2 (base 12) in base 8?
-2
100001 (base 2) to base 8
41
Convert 3 (base 8) to base 7.
3
-304 (base 7) to base 9
-177
What is -110001 (base 2) in base 13?
-3a
-27 (base 12) to base 14
-23
-2 (base 9) to base 6
-2
What is 5 (base 9) in base 16?
5
Convert -1 (base 8) to base 9.
-1
What is 0 (base 4) in base 16?
0
Convert 100 (base 11) to base 8.
171
What is -103 (base 7) in base 16?
-34
-1 (base 15) to base 9
-1
-29 (base 11) to base 15
-21
2010 (base 3) to base 10
57
What is -73 (base 16) in base 10?
-115
c (base 14) to base 3
110
133 (base 9) to base 8
157
2 (base 6) to base 12
2
4 (base 5) to base 3
11
-1b (base 13) to base 7
-33
Convert 0 (base 15) to base 3.
0
What is 1000010 (base 2) in base 8?
102
What is -10 (base 4) in base 13?
-4
-1122 (base 4) to base 6
-230
What is -27 (base 13) in base 12?
-29
1 (base 4) to base 16
1
10 (base 10) to base 7
13
3 (base 12) to base 6
3
Convert 6 (base 8) to base 15.
6
What is -1200 (base 3) in base 5?
-140
Convert -19 (base 14) to base 9.
-25
Convert 7 (base 14) to base 8.
7
Convert 5 (base 8) to base 12.
5
Convert b (base 12) to base 10.
11
0 (base 4) to base 6
0
Convert -1 (base 6) to base 8.
-1
What is -2 (base 7) in base 6?
-2
What is -223 (base 7) in base 13?
-8b
Convert -1f (base 16) to base 8.
-37
What is 9 (base 10) in base 3?
100
2 (base 12) to base 10
2
What is 3 (base 4) in base 15?
3
0 (base 2) to base 11
0
Convert -4 (base 7) to base 14.
-4
8 (base 14) to base 3
22
118 (base 11) to base 8
214
-3 (base 7) to base 5
-3
What is 10 (base 4) in base 3?
11
What is -2 (base 10) in base 16?
-2
Convert 0 (base 3) to base 4.
0
Convert -6 (base 13) to base 15.
-6
-14 (base 7) to base 13
-b
What is 233 (base 4) in base 7?
65
Convert 14 (base 11) to base 12.
13
-1c0 (base 13) to base 14
-193
Convert -2 (base 11) to base 2.
-10
What is -105 (base 7) in 